 the units digit of 945424?
4
What is the ten thousands digit of 231151?
3
What is the units digit of 846240?
0
What is the hundreds digit of 334443?
4
What is the units digit of 6021693?
3
What is the thousands digit of 3815951?
5
What is the units digit of 9630664?
4
What is the millions digit of 1292589?
1
What is the tens digit of 1240685?
8
What is the hundreds digit of 752077?
0
What is the millions digit of 13411596?
3
What is the thousands digit of 1666800?
6
What is the ten thousands digit of 115005?
1
What is the units digit of 299073?
3
What is the thousands digit of 1330893?
0
What is the tens digit of 2466593?
9
What is the hundred thousands digit of 3395238?
3
What is the millions digit of 5848526?
5
What is the tens digit of 181484?
8
What is the tens digit of 2501368?
6
What is the hundreds digit of 1233115?
1
What is the thousands digit of 1447471?
7
What is the hundred thousands digit of 1760148?
7
What is the hundreds digit of 626050?
0
What is the hundreds digit of 618575?
5
What is the hundred thousands digit of 1787377?
7
What is the ten thousands digit of 16459769?
5
What is the hundreds digit of 323783?
7
What is the hundreds digit of 11801465?
4
What is the hundred thousands digit of 164626?
1
What is the tens digit of 8201525?
2
What is the hundreds digit of 16922526?
5
What is the hundreds digit of 364245?
2
What is the hundreds digit of 240043?
0
What is the ten thousands digit of 839160?
3
What is the hundreds digit of 18758658?
6
What is the hundreds digit of 909616?
6
What is the hundred thousands digit of 269021?
2
What is the tens digit of 56057?
5
What is the hundred thousands digit of 686702?
6
What is the ten thousands digit of 1681710?
8
What is the tens digit of 59025?
2
What is the units digit of 382006?
6
What is the ten thousands digit of 1774713?
7
What is the hundreds digit of 940213?
2
What is the thousands digit of 709795?
9
What is the hundreds digit of 4690629?
6
What is the hundreds digit of 1411603?
6
What is the thousands digit of 4300445?
0
What is the units digit of 523173?
3
What is the hundred thousands digit of 105789?
1
What is the hundred thousands digit of 6505646?
5
What is the hundreds digit of 3638726?
7
What is the hundreds digit of 117156?
1
What is the thousands digit of 70501?
0
What is the units digit of 9036315?
5
What is the thousands digit of 737874?
7
What is the units digit of 587923?
3
What is the hundreds digit of 298411?
4
What is the units digit of 137819?
9
What is the hundred thousands digit of 173001?
1
What is the tens digit of 435704?
0
What is the units digit of 140217?
7
What is the hundred thousands digit of 587694?
5
What is the ten thousands digit of 3291492?
9
What is the units digit of 1252895?
5
What is the hundreds digit of 1439508?
5
What is the tens digit of 20106147?
4
What is the ten thousands digit of 1859151?
5
What is the units digit of 5822611?
1
What is the ten millions digit of 18342513?
1
What is the millions digit of 2155456?
2
What is the ten thousands digit of 125332?
2
What is the ten millions digit of 37802517?
3
What is the tens digit of 267923?
2
What is the tens digit of 3702464?
6
What is the ten thousands digit of 9057280?
5
What is the millions digit of 3464209?
3
What is the tens digit of 297779?
7
What is the thousands digit of 915336?
5
What is the hundreds digit of 173290?
2
What is the hundred thousands digit of 2511485?
5
What is the thousands digit of 5684274?
4
What is the tens digit of 601269?
6
What is the thousands digit of 7617947?
7
What is the units digit of 1819887?
7
What is the thousands digit of 632110?
2
What is the ten thousands digit of 159879?
5
What is the ten thousands digit of 278647?
7
What is the thousands digit of 714821?
4
What is the tens digit of 9880985?
8
What is the ten thousands digit of 613508?
1
What is the millions digit of 3091867?
3
What is the tens digit of 5836091?
9
What is the hundred thousands digit of 652903?
6
What is the millions digit of 2554195?
2
What is the thousands digit of 545418?
5
What is the millions digit of 13806593?
3
What is the ten thousands digit of 1361147?
6
What is the tens digit of 226682?
8
What is the millions digit of 3835838?
3
What is the thousands digit of 474167?
4
What is the tens digit of 32634305?
0
What is the units digit of 2601682?
2
What is the tens digit of 127586?
8
What is the units digit of 3775530?
0
What is the tens digit of 595046?
4
What is the ten thousands digit of 4081789?
8
What is the hundred thousands digit of 1188859?
1
What is the tens digit of 831874?
7
What is the tens digit of 11269494?
9
What is the millions digit of 8818001?
8
What is the hundreds digit of 498849?
8
What is the hundred thousands digit of 227308?
2
What is the hundreds digit of 2672016?
0
What is the hundreds digit of 22383?
3
What is the ten thousands digit of 156954?
5
What is the thousands digit of 3414541?
4
What is the hundred thousands digit of 5151902?
1
What is the hundreds digit of 638531?
5
What is the units digit of 100753?
3
What is the units digit of 3609494?
4
What is the tens digit of 3308458?
5
What is the ten thousands digit of 64604?
6
What is the units digit of 1004376?
6
What is the hundreds digit of 769432?
4
What is the tens digit of 88356?
5
What is the tens digit of 9927414?
1
What is the thousands digit of 6831198?
1
What is the ten millions digit of 24171699?
2
What is the thousands digit of 4021124?
1
What is the hundreds digit of 621171?
1
What is the hundred thousands digit of 1168777?
1
What is the ten thousands digit of 161534?
6
What is the ten millions digit of 10424854?
1
What is the thousands digit of 239390?
9
What is the ten thousands digit of 1575717?
7
What is the hundred thousands digit of 1154432?
1
What is the hundreds digit of 630021?
0
What is the tens digit of 582397?
9
What is the millions digit of 8349710?
8
What is the thousands digit of 4866531?
6
What is the hundreds digit of 376081?
0
What is the ten millions digit of 12871161?
1
What is the units digit of 919082?
2
What is the thousands digit of 5370603?
0
What is the units digit of 13045596?
6
What is the units digit of 14637968?
8
What is the tens digit of 7636765?
6
What is the hundreds digit of 293956?
9
What is the thousands digit of 562644?
2
What is the hundreds digit of 9083?
0
What is the tens digit of 64553?
5
What is the hundreds digit of 7634380?
3
What is the tens digit of 170762?
6
What is the hundred thousands digit of 9580404?
5
What is the tens digit of 211288?
8
What is the ten millions digit of 17342370?
1
What is the units digit of 178468?
8
What is the hundred thousands digit of 113883?
1
What is the tens digit of 1529099?
9
What is the hundred thousands digit of 1198723?
1
What is the thousands digit of 23114376?
4
What is the ten millions digit of 18162935?
1
What is the units digit of 2107412?
2
What is the ten thousands digit of 2757260?
5
What is the ten millions digit of 23594160?
2
What is the hundred thousands digit of 1904659?
9
What is the units digit of 251099?
9
What is the ten thousands digit of 57285?
5
What is the ten thousands digit of 11047132?
4
What is the thousands digit of 207364?
7
What is the ten thousands digit of 932977?
3
What is the tens digit of 8512019?
1
What is the tens digit of 3276995?
9
What is the hundred thousands digit of 701004?
7
What is the hundred thousands digit of 2496163?
4
What is the hundred thousands digit of 177749?
1
What is the hundred thousands digit of 18569863?
5
What is the hundreds digit of 35702?
7
What is the thousands digit of 13350563?
0
What is the hundred thousands digit of 302935?
3
What is the thousands digit of 393923?
3
What is the tens digit of 2515305?
0
What is the ten thousands digit of 138356?
3
What is the hundred thousands digit of 525920?
5
What is the units digit of 14195300?
0
What is the hundred thousands digit of 37462398?
4
What is the ten thousands digit of 719603?
1
What is the ten thousands digit of 2568373?
6
What is the tens digit of 1148909?
0
What is the hundred thousands digit of 17789508?
7
What is the hundreds digit of 1763384?
3
What is the thousands digit of 17143430?
3
What is the hundred thousands digit of 5428657?
4
What is the units digit of 781784?